isor of j and q.
2
Suppose 3*y = -15, -2*w + 2*y = y - 93. Suppose 4*c = -2*j - 0*c + 28, -4*c - w = -2*j. What is the greatest common factor of 18 and j?
18
Let a = 39 + 1. Suppose 3*n = 30 - 0. Calculate the highest common divisor of a and n.
10
Let r be 103/3 - 2/(-3). Let o be (-21)/2*13/78*-8. Calculate the greatest common factor of r and o.
7
Suppose 54*l + l = 3300. Calculate the greatest common divisor of l and 940.
20
Let t be 2/(-8) - (7987/4)/(-7). What is the highest common divisor of 15 and t?
15
Let w be (-1 + -1)*(-2)/4. Let k be (-2 - (-1 + w))*-6. Suppose 1571 = 149*d - 427*d + 11579. What is the greatest common factor of d and k?
12
Let h be (-16)/72 - ((-1366)/(-9) + 0). Let c = -71 - h. Calculate the greatest common factor of c and 27.
27
Let y(w) = -24*w - 168. Let x be y(-37). Calculate the greatest common divisor of x and 90.
90
Let p be (-368452)/(-476) + (-1)/17. Calculate the greatest common divisor of 36 and p.
18
Let d = -48 + 78. What is the highest common factor of 210 and d?
30
Let u be 4/22 + 130/11. Let m be (-1)/3 + 55/3. Calculate the highest common factor of m and u.
6
Let b(q) = q**2 + 10*q - 142. Let n be b(-19). What is the highest common factor of n and 406?
29
Suppose -13*x + 18*x = d + 55, 2*x = -d + 29. Let g be 2/1 + 0 + 1. Suppose -2*r = -4*y - 32, -r - y + g + 1 = 0. What is the greatest common factor of r and x?
4
Suppose -s - 3402 - 2561 = -5*p, 5969 = 5*p - 3*s. What is the greatest common factor of 8 and p?
8
Let b(h) = h**2 - 1. Let k be b(-1). Suppose -7*w + 6*w + 39 = k. What is the highest common factor of 26 and w?
13
Let y(f) = 6*f - 26. Let z be y(11). Suppose -z = 2*m - 118. Calculate the highest common divisor of 26 and m.
13
Let m = 484 - 450. Calculate the highest common factor of m and 476.
34
Suppose 2*w - 41 = 109. Let u(r) = -15*r. Suppose 5*m = -10 - 0. Let b be u(m). Calculate the highest common factor of w and b.
15
Suppose 5*d + 1170 = 4*q - 142, -5*q + 1640 = 3*d. Calculate the highest common factor of 8 and q.
8
Let r be ((51/(-5))/(-3))/((-6)/(-30)). What is the highest common divisor of 493 and r?
17
Let c(i) = -5*i**3 + 9*i + 7. Let n be c(-2). What is the greatest common factor of n and 203?
29
Suppose 2*o + 30 = -3*s, 3*o = 2*s - 2*o + 1. Let p be (s/6)/(1/(-6)). Calculate the greatest common factor of p and 2.
2
Let w(c) = c**3 - 3*c**2 - 2*c. Let s be w(3). Let n = s + 13. Let h be n/(40/12 + -3). What is the greatest common divisor of h and 14?
7
Let z(a) be the third derivative of -a**4/8 - 17*a**3/3 - 3*a**2. Let r be z(-12). Suppose 0*j - 20 = -2*j. What is the highest common divisor of j and r?
2
Let g be 4/(1 - (-4)/(-12)). Suppose 4*o + 0 = 4. Suppose 3*d - 73 + o = 0. Calculate the highest common divisor of d and g.
6
Suppose 0 = 3*r, -p = 2*p - 2*r - 12. Suppose -p*v + 4 = -3*v. Let u = -87 + 123. What is the greatest common divisor of v and u?
4
Let j(n) = -2*n - 13. Let x be j(-7). Let o be 3 + (23/x + 3 - -1). Calculate the highest common divisor of 240 and o.
30
Suppose 3*a - 4335 = 2139. What is the greatest common divisor of 26 and a?
26
Let m be -3 + 8/2 + 0. Let y(j) = 3*j**3 + j**2 - j. Let v be y(m). Suppose 9 = 4*x - v*x. Calculate the greatest common factor of x and 3.
3
Let q = 127 + -121. Suppose -4*j + 3*z + 17 = 0, -2*j + z = -2 - 5. Let m be 142/8 - j/(-8). Calculate the highest common factor of m and q.
6
Let b(i) = -i**3 - 9*i**2 + 64*i - 12. Let n be b(-14). Calculate the greatest common divisor of n and 234.
18
Let g(t) = 52*t**3 - 113*t + 224. Let h be g(2). Calculate the highest common factor of 138 and h.
138
Let q = 232 - 210. What is the highest common divisor of 176 and q?
22
Suppose -2*l + l = -2. Suppose -l*z = 5 - 15. Suppose -29 = -2*a - a - 5*n, a + z*n - 13 = 0. Calculate the greatest common factor of a and 16.
8
Let c(d) = -d**3 - 7*d**2 - 8*d + 10. Let o be c(-2). What is the highest common factor of o and 78?
6
Let s = 107 + -47. Let j(c) = c - 5. Let u be j(5). Suppose -q = 3*h - 33, 0 = -h + q - u*q + 7. Calculate the highest common divisor of s and h.
10
Let g(v) = 447*v**3 - 2*v**2 + 1. Let r be g(1). Suppose -r = -3*d + 67. What is the greatest common divisor of d and 19?
19
Let i = 12 + -7. Suppose -3*v - 10 = s, -6 = i*s + 2*v + 2*v. Let d be 1*s - (-15 + -5). What is the greatest common divisor of 22 and d?
22
Let y be (0/(-4) + 1)*2. Suppose -y*p + 6*p = 64. Let u(q) = -q**3 - 10*q**2 - 10*q + 7. Let i be u(-9). Calculate the greatest common factor of i and p.
16
Suppose -962 = -9*k + 424. Let c = 29 - 15. Calculate the highest common divisor of k and c.
14
Let h = 381 + -176. Let a = h - 45. Calculate the highest common factor of 20 and a.
20
Let s = -100 - -155. Calculate the greatest common factor of 55 and s.
55
Suppose 2*x - 5 - 8 = -3*o, 5*x + 5 = 5*o. What is the highest common divisor of 39 and o?
3
Let s be (-4)/18 - (-86)/(-18). Let a = 14 - s. Let d be 2/4*(220 + -30). What is the highest common factor of d and a?
19
Let n(f) = f**2 - 7*f - 11. Let a be 25/2*64/80. Let j be n(a). Suppose -4*m - 60 = -3*b - 7*m, 5*m - 5 = 0. What is the highest common divisor of b and j?
19
Let u(t) = -4*t - 8. Let h be u(-3). Suppose -h*v + 5*v = 26. Let y(x) = -32*x + 10. Let n be y(-7). What is the highest common divisor of n and v?
26
Let l = 51 + -49. Suppose 2*q + 130 = 5*q + 4*d, -l*q + 2*d = -82. Calculate the greatest common divisor of 6 and q.
6
Let u be (-43245)/(-540) - 1/12. What is the greatest common factor of 432 and u?
16
Suppose 3*a - 4*w - 17 = 0, -5*a + 13 = -0*a + w. Suppose -4*m = -t + 79 + 73, -t - a*m + 145 = 0. Calculate the greatest common factor of 37 and t.
37
Let h = -361 - -395. Calculate the highest common divisor of 17 and h.
17
Let f = 1159 - 1003. What is the greatest common divisor of f and 288?
12
Let r(z) = -z**2 - 6*z + 18. Let k be r(-17). Let v = -84 - k. Let w be (-4)/10 + (-172)/(-5). What is the greatest common divisor of w and v?
17
Let f = 1455 + -1213. Calculate the highest common factor of f and 187.
11
Let s be 19 - (-4 - 3/(3/(-5))). Calculate the greatest common factor of 5 and s.
1
Suppose 3*k - 6 = k. Suppose -k*m - 2*s + 42 + 4 = 0, -2*m + 2*s = -44. Suppose d + 8 - m = 0. Calculate the greatest common divisor of 5 and d.
5
Suppose -2*l + u - 4 = 35, -3*l - 51 = -4*u. Let b = -11 - l. What is the highest common divisor of b and 10?
10
Let y be -3 - (116/(-2) - (-26)/(-13)). Suppose -5*n - 5*z = -95, y = -5*n - 3*z + 158. What is the highest common divisor of n and 22?
22
Suppose -5*v + 8*v - 96 = 0. Suppose -d - v = 1. Let o = -22 - d. What is the greatest common factor of 22 and o?
11
Let k = -40 - -59. Let y = -293 + 502. What is the greatest common divisor of k and y?
19
Let z(s) = 6*s + 41. Let y be z(-6). Calculate the highest common factor of 135 and y.
5
Suppose 4*u + 0*u - 16 = 0. Suppose -4*k + 3*k - 64 = -4*n, -2*n + 3*k = -42. Let g = n - u. What is the highest common factor of g and 1?
1
Suppose 5*x + 3*i = 85, -i + 3*i = x - 4. Let f(k) = 4 + 14*k - 3 - 1. Let n be f(5). Calculate the greatest common divisor of x and n.
14
Let m(x) = -37*x - 481. Let o be m(-44). Calculate the greatest common divisor of o and 74.
37
Let t(h) = -4*h + 129. Let d be t(30). What is the greatest common factor of d and 225?
9
Let h = -18 - -50. Let n = 84 + -11. Let r = 89 - n. Calculate the highest common factor of h and r.
16
Suppose 42 = 5*k - 3. Suppose -256 = -4*b + 41*s - 40*s, -b + 5*s + 83 = 0. What is the greatest common divisor of b and k?
9
Let j = -26 + 30. Let w = 30 - j. What is the highest common factor of w and 208?
26
Let a = 1 + 1. Suppose -2*t + 16 - a = 0. What is the greatest common divisor of t and 35?
7
Let f = -212 + 240. Calculate the highest common divisor of f and 98.
14
Let d(l) = -l**2 - 95*l - 37. Let y be d(-53). What is the highest common divisor of y and 11?
11
Let z(w) = 10 + 5*w + 3 + 7*w**2 - 6 - 6*w**2. Let l be -4*3/(36/21). Let y be z(l). Calculate the highest common factor of 3 and y.
3
Suppose 4*u + 2*d - 170 = 0, 5*d = 4*u - 250 + 45. Suppose -2*v + 5*j + 36 = 0, -2*j - 54 = -v - 2*v. What is the highest common factor of v and u?
9
Let x(q) = -q**3 + 9*q**2 + 34*q + 17. Let l be x(12). Let n(u) = -3 - 25*u - 4 - 8. Let f be n(l). C